d (base 15) to base 13.
10
b (base 13) to base 14
b
-21 (base 4) to base 15
-9
-5 (base 14) to base 2
-101
Convert 10001 (base 3) to base 13.
64
Convert 13 (base 5) to base 3.
22
Convert a (base 11) to base 5.
20
-40 (base 14) to base 8
-70
18 (base 9) to base 7
23
Convert 4 (base 14) to base 8.
4
What is -3 (base 13) in base 2?
-11
Convert 15 (base 11) to base 7.
22
Convert 11 (base 7) to base 6.
12
26 (base 13) to base 8
40
Convert 8 (base 10) to base 15.
8
What is 10 (base 5) in base 10?
5
3 (base 10) to base 9
3
Convert -2 (base 4) to base 7.
-2
Convert -1a (base 12) to base 13.
-19
-169 (base 13) to base 3
-100111
What is -1010000 (base 2) in base 7?
-143
Convert 1010 (base 2) to base 7.
13
What is -10111110 (base 2) in base 12?
-13a
-11 (base 4) to base 13
-5
Convert 14 (base 15) to base 8.
23
-2123 (base 5) to base 3
-101200
Convert 41 (base 6) to base 10.
25
Convert -1 (base 3) to base 5.
-1
12 (base 5) to base 16
7
258 (base 10) to base 13
16b
Convert -2 (base 8) to base 11.
-2
72 (base 13) to base 5
333
What is -157 (base 10) in base 12?
-111
-7f (base 16) to base 8
-177
Convert 10 (base 3) to base 5.
3
1 (base 5) to base 9
1
Convert -11 (base 2) to base 5.
-3
Convert -44 (base 14) to base 11.
-55
Convert -8 (base 16) to base 10.
-8
Convert 1021 (base 3) to base 11.
31
What is 4 (base 8) in base 16?
4
Convert 1 (base 7) to base 14.
1
101101 (base 2) to base 6
113
Convert 2 (base 14) to base 6.
2
What is 27 (base 15) in base 16?
25
Convert 20 (base 10) to base 4.
110
Convert 15 (base 8) to base 12.
11
What is -176 (base 8) in base 10?
-126
Convert 2 (base 6) to base 5.
2
-5a (base 11) to base 15
-45
What is 2 (base 3) in base 16?
2
-3 (base 6) to base 16
-3
What is -13 (base 11) in base 6?
-22
What is 1 (base 12) in base 10?
1
Convert 50 (base 11) to base 7.
106
-3 (base 14) to base 16
-3
Convert -7 (base 13) to base 2.
-111
Convert -6 (base 11) to base 7.
-6
Convert -1 (base 13) to base 7.
-1
47 (base 10) to base 11
43
3 (base 5) to base 2
11
What is -4 (base 5) in base 2?
-100
Convert 163 (base 12) to base 10.
219
12 (base 13) to base 6
23
What is 2 (base 16) in base 15?
2
What is -2 (base 3) in base 14?
-2
Convert 126 (base 9) to base 15.
70
25 (base 7) to base 13
16
-3 (base 7) to base 15
-3
Convert 3 (base 5) to base 14.
3
Convert -65 (base 16) to base 9.
-122
Convert 0 (base 15) to base 13.
0
-100001 (base 2) to base 11
-30
7 (base 11) to base 7
10
32 (base 4) to base 15
e
What is 126 (base 7) in base 3?
2120
Convert -5 (base 11) to base 9.
-5
Convert 3 (base 16) to base 11.
3
What is 15 (base 7) in base 3?
110
Convert -1 (base 7) to base 15.
-1
2 (base 15) to base 4
2
3 (base 8) to base 16
3
110011 (base 2) to base 3
1220
-20 (base 10) to base 6
-32
Convert -1a (base 14) to base 2.
-11000
-3c (base 13) to base 7
-102
What is 20 (base 10) in base 8?
24
Convert 121 (base 5) to base 8.
44
Convert 4 (base 7) to base 15.
4
Convert 10 (base 6) to base 10.
6
Convert 12001 (base 3) to base 8.
210
Convert -3d (base 14) to base 11.
-50
9b (base 13) to base 11
107
Convert -5 (base 14) to base 12.
-5
-2 (base 16) to base 4
-2
What is -14 (base 16) in base 4?
-110
Convert 31 (base 4) to base 16.
d
Convert 3 (base 5) to base 6.
3
-3 (base 7) to base 11
-3
Convert -24 (base 10) to base 12.
-20
What is 211 (base 5) in base 8?
70
What is 3 (base 6) in base 8?
3
What is 51 (base 15) in base 10?
76
-42 (base 7) to base 9
-33
What is 3 (base 10) in base 12?
3
What is 20 (base 12) in base 15?
19
Convert -100 (base 8) to base 3.
-2101
51 (base 11) to base 12
48
Convert -6a (base 11) to base 13.
-5b
-124 (base 5) to base 13
-30
-210 (base 8) to base 3
-12001
-2 (base 13) to base 14
-2
-3 (base 8) to base 14
-3
-102 (base 8) to base 12
-56
-3 (base 15) to base 9
-3
What is -2 (base 4) in base 10?
-2
Convert -5 (base 8) to base 11.
-5
-2 (base 16) to base 2
-10
-111 (base 2) to base 7
-10
Convert -3 (base 6) to base 5.
-3
What is -77 (base 8) in base 2?
-111111
What is 6 (base 11) in base 13?
6
-13 (base 11) to base 3
-112
-141 (base 8) to base 14
-6d
Convert -3 (base 6) to base 16.
-3
What is 3 (base 5) in base 16?
3
4 (base 7) to base 10
4
What is -3 (base 16) in base 14?
-3
What is 105 (base 8) in base 12?
59
-162 (base 7) to base 5
-333
-2022 (base 3) to base 10
-62
-33 (base 16) to base 13
-3c
312 (base 4) to base 14
3c
10 (base 10) to base 4
22
6 (base 7) to base 16
6
Convert -1 (base 8) to base 13.
-1
What is -143 (base 9) in base 16?
-78
What is -111 (base 15) in base 5?
-1431
What is -1122 (base 5) in base 2?
-10100010
125 (base 7) to base 14
4c
Convert 11 (base 6) to base 4.
13
Convert -5 (base 15) to base 2.
-101
Convert 5 (base 9) to base 3.
12
Convert -3 (base 6) to base 10.
-3
Convert -101010 (base 2) to base 11.
-39
5 (base 13) to base 8
5
What is 135 (base 9) in base 7?
221
1110 (base 6) to base 15
123
10 (base 16) to base 3
121
Convert -34 (base 6) to base 5.
-42
Convert 9 (base 13) to base 5.
14
What is 157 (base 8) in base 15?
76
What is -111 (base 5) in base 7?
-43
What is 1 (base 11) in base 3?
1
What is -10 (base 2) in base 9?
-2
-14 (base 6) to base 3
-101
What is -8 (base 9) in base 15?
-8
100000 (base 2) to base 9
35
-4 (base 5) to base 9
-4
Convert d (base 15) to base 2.
1101
What is -4 (base 13) in base 12?
-4
1 (base 9) to base 15
1
What is -3220 (base 4) in base 15?
-107
What is -1120 (base 7) in base 16?
-196
Convert 0 (base 12) to base 10.
0
Convert 5 (base 9) to base 6.
5
What is 223 (base 5) in base 12?
53
15 (base 9) to base 16
e
What is 120 (base 11) in base 6?
355
What is 5 (base 7) in base 16?
5
What is 44 (base 10) in base 2?
101100
Convert 28 (base 16) to base 3.
1111
2 (base 12) to base 9
2
What is -4 (base 6) in base 12?
-4
What is 1a (base 14) in base 16?
18
5 (base 8) to base 15
5
What is -10 (base 2) in base 3?
-2
Convert -4 (base 9) to base 3.
-11
What is 14 (base 5) in base 2?
1001
What is -10220 (base 3) in base 13?
-81
What is -36 (base 16) in base 2?
-110110
100011 (base 2) to base 15
25
Convert -62 (base 10) to base 16.
-3e
What is -4 (base 15) in base 12?
-4
What is -1 (base 2) in base 12?
-1
Convert a3 (base 12) to base 16.
7b
-113 (base 7) to base 14
-43
Convert 0 (base 5) to base 11.
0
What is 1 (base 7) in base 3?
1
-1 (base 9) to base 16
-1
What is 17e (base 16) in base 11?
318
-2110 (base 3) to base 14
-4a
What is -100 (base 6) in base 8?
-44
3 (base 4) to base 11
3
What is 25 (base 10) in base 4?
121
Convert -6 (base 10) to base 7.
-6
Convert 0 (base 8) to base 11.
0
Convert 205 (base 7) to base 4.
1213
20 (base 4) to base 14
8
What is -7 (base 9) in base 11?
-7
What is 34 (base 9) in base 16?
1f
-26 (base 14) to base 3
-1021
Convert -9 (base 11) to base 3.
-100
Convert -2001 (base 5) to base 13.
-164
1 (base 11) to base 16
1
24 (base 11) to base 5
101
Convert -2a (base 13) to base 6.
-100
What is 35 (base 9) in base 14?
24
Convert -9 (base 15) to base 11.
-9
11 (base 16) to base 14
13
-100010101 (base 2) to base 16
-115
What is -3 (base 12) in base 13?
-3
What is -1 (base 14) in base 4?
-1
-15 (base 8) to base 11
-12
What is -110 (base 4) in base 6?
-32
What is -4a (base 14) in base 12?
-56
Convert -6 (base 8) to base 4.
-12
Convert -1a (base 14) to base 12.
-20
Convert 110111 (base 2) to base 13.
43
Convert 16 (base 8) to base 14.
10
-541 (base 6) to base 9
-247
What is -1 (base 4) in base 3?
-1
What is -1a7 (base 12) in base 13?
-17b
What is 80 (base 12) in base 5?
341
-9 (base 16) to base 9
-10
0 (base 6) to base 15
0
What is 4 (base 9) in base 13?
4
Convert 154 (base 12) to base 15.
dd
What is -104 (base 11) in base 2?
-1111101
-1 (base 6) to base 2
-1
383 (base 9) to base 14
18a
Convert -11010110 (base 2) to base 13.
-136
4 (base 11) to base 13
4
What is -110001 (base 2) in base 5?
-144
What is 10 (base 6) in base 2?
110
5 (base 13) to base 6
5
What is 7 (base 11) in base 2?
111
What is 32 (base 6) in base 8?
24
-75 (base 13) to base 3
-10120
-10 (base 9) to base 8
-11
Convert -1 (base 10) to base 6.
-1
-60 (base 7) to base 16
-2a
What is -100 (base 3) in base 9?
-10
What is 15 (base 6) in base 14?
b
0 (base 5) to base 15
0
Convert 5 (base 11) to base 5.
10
0 (base 2) to base 15
0
-3a (base 13) to base 5
-144
2 (base 8) to base 15
2
-7 (base 16) to base 12
-7
What is 2 (base 11) in ba